 the prime factors of 562108.
2, 140527
List the prime factors of 110705.
5, 7, 3163
List the prime factors of 5999429.
71, 84499
List the prime factors of 327817.
7, 46831
List the prime factors of 7706594.
2, 7, 550471
What are the prime factors of 482849?
113, 4273
List the prime factors of 1614159.
3, 179351
List the prime factors of 5861046.
2, 3, 31, 31511
What are the prime factors of 623963?
623963
What are the prime factors of 10711862?
2, 7, 89, 8597
List the prime factors of 1691816.
2, 7, 30211
List the prime factors of 243547.
23, 10589
What are the prime factors of 277988?
2, 69497
What are the prime factors of 258078?
2, 3, 43013
What are the prime factors of 539358?
2, 3, 241, 373
What are the prime factors of 4322587?
4322587
What are the prime factors of 3157210?
2, 5, 7, 23, 37, 53
List the prime factors of 411384.
2, 3, 61, 281
What are the prime factors of 23846?
2, 11923
What are the prime factors of 3740036?
2, 19, 49211
List the prime factors of 6023399.
19, 317021
List the prime factors of 530649.
3, 7, 8423
List the prime factors of 2268814.
2, 113, 10039
List the prime factors of 20657450.
2, 5, 11, 23, 71
What are the prime factors of 16868512?
2, 151, 3491
What are the prime factors of 219445?
5, 43889
List the prime factors of 280880.
2, 5, 3511
What are the prime factors of 7429629?
3, 17, 145679
List the prime factors of 1204277.
19, 241, 263
List the prime factors of 1792081.
181, 9901
List the prime factors of 31471.
11, 2861
List the prime factors of 60557.
7, 41, 211
List the prime factors of 257623.
23, 487
What are the prime factors of 162280?
2, 5, 4057
List the prime factors of 596254.
2, 31, 59, 163
List the prime factors of 207491.
207491
List the prime factors of 227893.
227893
List the prime factors of 622767.
3, 207589
What are the prime factors of 489391?
7, 151, 463
What are the prime factors of 76926?
2, 3, 12821
List the prime factors of 295871.
295871
What are the prime factors of 5340680?
2, 5, 31, 59, 73
List the prime factors of 1002614.
2, 41, 12227
List the prime factors of 225962.
2, 11, 10271
What are the prime factors of 204552?
2, 3, 947
List the prime factors of 725832.
2, 3, 17, 593
What are the prime factors of 1889622?
2, 3, 7, 4999
What are the prime factors of 25798?
2, 12899
List the prime factors of 1861386.
2, 3, 310231
List the prime factors of 54103.
7, 59, 131
What are the prime factors of 794049?
3, 29, 9127
What are the prime factors of 250520?
2, 5, 6263
List the prime factors of 21175.
5, 7, 11
What are the prime factors of 14614225?
5, 83, 7043
What are the prime factors of 594507?
3, 17, 11657
What are the prime factors of 1037597?
11, 94327
List the prime factors of 353659.
251, 1409
List the prime factors of 39646.
2, 43, 461
List the prime factors of 1012248.
2, 3, 17, 827
What are the prime factors of 5887901?
139, 42359
List the prime factors of 1281368.
2, 11, 14561
What are the prime factors of 3174740?
2, 5, 181, 877
What are the prime factors of 487596?
2, 3, 179, 227
What are the prime factors of 1891923?
3, 11, 57331
List the prime factors of 6400598.
2, 53, 60383
What are the prime factors of 1005300?
2, 3, 5, 1117
List the prime factors of 214883.
214883
What are the prime factors of 5047797?
3, 41, 41039
List the prime factors of 30104009.
13, 2315693
What are the prime factors of 61952?
2, 11
List the prime factors of 2505348.
2, 3, 69593
What are the prime factors of 491073?
3, 11, 23, 647
What are the prime factors of 3704918?
2, 7, 264637
What are the prime factors of 7006931?
443, 15817
What are the prime factors of 596202?
2, 3, 99367
List the prime factors of 865651.
23, 61, 617
List the prime factors of 1179843.
3, 7, 19, 2957
What are the prime factors of 1372097?
1372097
What are the prime factors of 14506936?
2, 1813367
What are the prime factors of 215907?
3, 79, 911
What are the prime factors of 15444?
2, 3, 11, 13
What are the prime factors of 369984?
2, 3, 41, 47
What are the prime factors of 2588349?
3, 862783
List the prime factors of 6144387.
3, 127, 16127
What are the prime factors of 11345688?
2, 3, 157579
List the prime factors of 977444.
2, 13, 18797
List the prime factors of 205601.
11, 18691
What are the prime factors of 535340?
2, 5, 13, 29, 71
List the prime factors of 1963677.
3, 29, 22571
List the prime factors of 5506992.
2, 3, 167, 229
What are the prime factors of 93147?
3, 61, 509
What are the prime factors of 90180?
2, 3, 5, 167
List the prime factors of 166995.
3, 5, 1237
What are the prime factors of 19472010?
2, 3, 5, 433, 1499
List the prime factors of 1038730.
2, 5, 7, 11, 19, 71
What are the prime factors of 13369191?
3, 11, 17, 23831
What are the prime factors of 6528700?
2, 5, 65287
List the prime factors of 714882.
2, 3, 7, 17021
List the prime factors of 6607547.
83, 79609
What are the prime factors of 2481895?
5, 13, 38183
List the prime factors of 777046.
2, 31, 83, 151
List the prime factors of 19634.
2, 9817
List the prime factors of 5427458.
2, 79, 34351
List the prime factors of 4715063.
283, 16661
List the prime factors of 34188.
2, 3, 7, 11, 37
List the prime factors of 320340.
2, 3, 5, 19, 281
List the prime factors of 1264662.
2, 3, 7, 10037
What are the prime factors of 931146?
2, 3, 155191
List the prime factors of 445103.
445103
List the prime factors of 292442.
2, 146221
What are the prime factors of 5690473?
5690473
List the prime factors of 2489874.
2, 3, 19, 21841
List the prime factors of 213330.
2, 3, 5, 13, 547
List the prime factors of 6458290.
2, 5, 19, 1789
List the prime factors of 1732557.
3, 751, 769
What are the prime factors of 29844?
2, 3, 829
What are the prime factors of 698946?
2, 3, 116491
List the prime factors of 740493.
3, 13, 6329
List the prime factors of 300129.
3, 100043
What are the prime factors of 50?
2, 5
List the prime factors of 22462117.
17, 1321301
List the prime factors of 209020.
2, 5, 7, 1493
List the prime factors of 773304.
2, 3, 7, 4603
List the prime factors of 741072.
2, 3, 15439
What are the prime factors of 691693?
691693
What are the prime factors of 3057146?
2, 53, 151, 191
What are the prime factors of 291901?
291901
What are the prime factors of 5681?
13, 19, 23
List the prime factors of 5386506.
2, 3, 897751
What are the prime factors of 24568601?
24568601
What are the prime factors of 8122717?
883, 9199
What are the prime factors of 15396688?
2, 19, 50647
List the prime factors of 578687.
578687
List the prime factors of 255064.
2, 31883
What are the prime factors of 45652?
2, 101, 113
What are the prime factors of 137157?
3, 131, 349
List the prime factors of 38541786.
2, 3, 47, 97, 1409
What are the prime factors of 2359525?
5, 7, 97, 139
What are the prime factors of 5073035?
5, 11, 92237
List the prime factors of 134909.
134909
What are the prime factors of 11686152?
2, 3, 486923
List the prime factors of 809070.
2, 3, 5, 149, 181
What are the prime factors of 1126845?
3, 5, 17, 491
What are the prime factors of 2969541?
3, 61, 601
What are the prime factors of 1135699?
1135699
List the prime factors of 75282.
2, 3, 12547
List the prime factors of 681810.
2, 3, 5, 22727
List the prime factors of 1732058.
2, 866029
List the prime factors of 1187533.
971, 1223
List the prime factors of 4507789.
11, 13, 29, 1087
What are the prime factors of 1980381?
3, 13, 17, 29, 103
What are the prime factors of 3017762?
2, 11, 229, 599
What are the prime factors of 6987223?
151, 46273
What are the prime factors of 2780407?
7, 179, 317
What are the prime factors of 456362?
2, 228181
List the prime factors of 2937968.
2, 11, 16693
What are the prime factors of 1079125?
5, 89, 97
List the prime factors of 907298.
2, 7, 229, 283
What are the prime factors of 772118?
2, 149, 2591
List the prime factors of 4117774.
2, 17, 281, 431
List the prime factors of 297660.
2, 3, 5, 11, 41
What are the prime factors of 74604?
2, 3, 6217
List the prime factors of 17160428.
2, 4290107
What are the prime factors of 29304?
2, 3, 11, 37
List the prime factors of 8057249.
167, 48247
List the prime factors of 6564048.
2, 3, 136751
What are the prime factors of 4269885?
3, 5, 284659
List the prime factors of 756533.
756533
What are the prime factors of 10991?
29, 379
What are the